{"id":192,"date":"2020-09-03T22:42:27","date_gmt":"2020-09-03T22:42:27","guid":{"rendered":"https:\/\/gosweb.cz\/web\/?page_id=192"},"modified":"2024-06-08T20:45:12","modified_gmt":"2024-06-08T20:45:12","slug":"www-gosweb-cz","status":"publish","type":"page","link":"https:\/\/gosweb.cz\/web\/","title":{"rendered":"\u00davod"},"content":{"rendered":"\n<p class=\"has-text-align-center\"><strong>Nav\u0161tivte n\u00e1\u0161 eshop:<\/strong><\/p>\n\n\n\n<div class=\"wp-block-image\"><figure class=\"aligncenter size-full\"><a href=\"https:\/\/eshop.gosweb.cz\/\" target=\"_blank\" rel=\"noopener\"><img loading=\"lazy\" decoding=\"async\" width=\"468\" height=\"163\" src=\"https:\/\/gosweb.cz\/web\/wp-content\/uploads\/logo_eshop.jpg\" alt=\"\" class=\"wp-image-260\" srcset=\"https:\/\/gosweb.cz\/web\/wp-content\/uploads\/logo_eshop.jpg 468w, https:\/\/gosweb.cz\/web\/wp-content\/uploads\/logo_eshop-300x104.jpg 300w\" sizes=\"auto, (max-width: 468px) 100vw, 468px\" \/><\/a><\/figure><\/div>\n\n\n\n<p class=\"has-text-align-center\"><strong>Na\u0161e hlavn\u00ed projekty:<\/strong><\/p>\n\n\n\n<p class=\"has-text-align-center\"><\/p>\n\n\n\n<div class=\"wp-block-image\"><figure class=\"aligncenter size-full\"><a href=\"https:\/\/kovarstvi-sticka.cz\/\" target=\"_blank\" rel=\"noopener\"><img loading=\"lazy\" decoding=\"async\" width=\"468\" height=\"123\" src=\"https:\/\/gosweb.cz\/web\/wp-content\/uploads\/kovarstvi_sticka_cz_logo.jpg\" alt=\"\" class=\"wp-image-247\" srcset=\"https:\/\/gosweb.cz\/web\/wp-content\/uploads\/kovarstvi_sticka_cz_logo.jpg 468w, https:\/\/gosweb.cz\/web\/wp-content\/uploads\/kovarstvi_sticka_cz_logo-300x79.jpg 300w\" sizes=\"auto, (max-width: 468px) 100vw, 468px\" \/><\/a><figcaption>Um\u011bleck\u00e9 kov\u00e1\u0159stv\u00ed Oliver \u0160ti\u010dka<\/figcaption><\/figure><\/div>\n\n\n\n<div class=\"wp-block-image\"><figure class=\"aligncenter size-full\"><a href=\"https:\/\/psiklece.cz\/\" target=\"_blank\" rel=\"noopener\"><img loading=\"lazy\" decoding=\"async\" width=\"468\" height=\"123\" src=\"https:\/\/gosweb.cz\/web\/wp-content\/uploads\/psiklece_cz_logo.png\" alt=\"\" class=\"wp-image-236\" srcset=\"https:\/\/gosweb.cz\/web\/wp-content\/uploads\/psiklece_cz_logo.png 468w, https:\/\/gosweb.cz\/web\/wp-content\/uploads\/psiklece_cz_logo-300x79.png 300w\" sizes=\"auto, (max-width: 468px) 100vw, 468px\" \/><\/a><figcaption>V\u00fdroba kynologick\u00fdch klec\u00ed<\/figcaption><\/figure><\/div>\n","protected":false},"excerpt":{"rendered":"<p>Nav\u0161tivte n\u00e1\u0161 eshop: Na\u0161e hlavn\u00ed projekty:<\/p>\n","protected":false},"author":1,"featured_media":0,"parent":0,"menu_order":0,"comment_status":"closed","ping_status":"closed","template":"","meta":{"footnotes":""},"class_list":["post-192","page","type-page","status-publish","hentry"],"_links":{"self":[{"href":"https:\/\/gosweb.cz\/web\/wp-json\/wp\/v2\/pages\/192","targetHints":{"allow":["GET"]}}],"collection":[{"href":"https:\/\/gosweb.cz\/web\/wp-json\/wp\/v2\/pages"}],"about":[{"href":"https:\/\/gosweb.cz\/web\/wp-json\/wp\/v2\/types\/page"}],"author":[{"embeddable":true,"href":"https:\/\/gosweb.cz\/web\/wp-json\/wp\/v2\/users\/1"}],"replies":[{"embeddable":true,"href":"https:\/\/gosweb.cz\/web\/wp-json\/wp\/v2\/comments?post=192"}],"version-history":[{"count":20,"href":"https:\/\/gosweb.cz\/web\/wp-json\/wp\/v2\/pages\/192\/revisions"}],"predecessor-version":[{"id":272,"href":"https:\/\/gosweb.cz\/web\/wp-json\/wp\/v2\/pages\/192\/revisions\/272"}],"wp:attachment":[{"href":"https:\/\/gosweb.cz\/web\/wp-json\/wp\/v2\/media?parent=192"}],"curies":[{"name":"wp","href":"https:\/\/api.w.org\/{rel}","templated":true}]}}